-122*r, 0 = 3*r - 2*d - 72853. List the prime factors of r.
3, 5, 1619
Let f be 6*(-3)/63 + (-3560)/(-14). Let o(v) = -138*v**2 - v - 1. Let a be o(-1). Let j = f + a. List the prime factors of j.
2, 29
Let h(o) = o**3 - 4*o**2 + 2*o + 4. Let d be h(3). Let u be -1 + 100/16 + d/(-4). What are the prime factors of (4 + -3)/u - (-658)/10?
2, 3, 11
Let m = -1299 + 3901. List the prime factors of m.
2, 1301
Let g(u) = -u**3 + 4*u**2 + 7*u - 2. Let f be g(6). Let c = f + 35. List the prime factors of -3*(16/c + 2)*-2.
2, 11
Let r = 68997 - 39670. What are the prime factors of r?
29327
Let w = 692 + 1456. Let u = w - 1424. List the prime factors of u.
2, 181
Let l be (-1 - -1)*3/(-6). Suppose 2*x - 6*x + 8 = l. Suppose -7*q + 485 = -x*q. What are the prime factors of q?
97
Let d = -2184 - -4655. Suppose 12*b - 5*b - d = 0. What are the prime factors of b?
353
Suppose 7*i - 41000 = 69519 + 26940. What are the prime factors of i?
73, 269
Let x = 197 - 194. Suppose 1095 = 2*z - x*w, z - w - 550 = -0*w. What are the prime factors of z?
3, 5, 37
Suppose -3*j + 13 = -14. Let a be (3 + 3/j)*18/15. Suppose -116 = -5*l + a. What are the prime factors of l?
2, 3
Suppose -f + 17 = -d - 6*f, 0 = -2*d - f + 2. Suppose -2*o = d*o - 2*j, -2*o = -4*j. Suppose -7*q + 11*q - 8 = o. What are the prime factors of q?
2
Suppose 6 = -4*x + 2, -5*o = -4*x - 4. Suppose o = 2*v - 4*v + 6. Suppose 5*q = v*q + 186. What are the prime factors of q?
3, 31
Let m(j) = j**3 - 6*j**2 + 2*j - 10. Suppose 2*l - 28 = -3*l - 2*t, 5*l = 5*t + 35. Let d be m(l). Suppose 0 = d*q - 157 - 47. List the prime factors of q.
2, 3, 17
Let w(c) = -c**2 + 8*c + 38. Let y be w(12). Let j(g) = -g**3 - 2*g**2 + 2*g + 15. What are the prime factors of j(y)?
3, 5, 53
Suppose -70025 - 210000 = -25*z. List the prime factors of z.
23, 487
Let s(r) = -r**3 + 10*r - 16. Let i be s(5). Let t = i + 611. List the prime factors of t.
2, 5, 13
Let n = -2669 - -2766. Let g be (46 + 1)/(-5 + 4). Let a = n + g. List the prime factors of a.
2, 5
Let i = -101 - -7. Let j = i - 34. List the prime factors of (16/((-4)/(-1)))/((-2)/j).
2
Suppose 2050*b + 372 = 2112*b. Suppose -2*o = o - 1143. Suppose -b*k + o = -3*k. What are the prime factors of k?
127
Suppose 6*t - 107576 = t - 2*t. List the prime factors of t.
2, 17, 113
Suppose 2*s + c + 2*c = 4, 3*s = -4*c + 5. List the prime factors of (1 + -90)/(-4 + s - -4).
89
Suppose x = -65 + 88. Suppose p - 37 = x. Let h = 119 - p. List the prime factors of h.
59
Suppose 1 = -2*f - 7. Let q = 224 + -236. List the prime factors of (2 + f)/2*q.
2, 3
Let q(m) = 12*m - 2*m**3 - 2 - 7 + 10*m**2 - 12 + m**3. Let z be q(10). Let o = 197 - z. What are the prime factors of o?
2, 7
Suppose 1888 = -4*q + 5*t + 7370, -t = q - 1375. List the prime factors of q.
1373
Let q be 79/(2 + -1) + 4. Let c = q - 35. Let x = 103 + c. What are the prime factors of x?
151
Let v = 29 - 25. Let k be (-3 - 5)/(v/(-22)) - -1. Suppose -146 = -3*l - 5*o, -2*l + 151 = -o + k. What are the prime factors of l?
2, 13
Let h(q) = 46 + 12*q**2 + q**3 + 8*q - q - 23. What are the prime factors of h(-10)?
3, 17
Let i(u) be the third derivative of 17*u**4/24 - u**3/3 + u**2. Suppose 0 = -3*m - w + 8, -5*w + 6*w + 12 = 2*m. List the prime factors of i(m).
2, 3, 11
Let v(y) = y**2 + 12*y - 8. Let k be v(-17). Suppose 3*h + 23 = k. Suppose h*p - 15*p - 162 = 0. What are the prime factors of p?
2, 3
Let h(l) = -9*l + 5 - 10*l - 2. Let t(d) = d**2 + 18*d - 4. Let p be t(-18). What are the prime factors of h(p)?
79
Let h be -15*(-1)/((-9)/(-24)). Suppose h = -4*b + 4*i, -i = b + 4*b + 62. Let c = 34 + b. List the prime factors of c.
2, 11
Let s(j) = 7*j - 118. Let d be s(16). What are the prime factors of d/(-15) + (-338)/(-5)?
2, 17
Suppose -4*i + i - 4*z + 10 = 0, 0 = -5*i + 2*z + 8. Suppose -2*s + 5*h = -673, -i + 27 = -5*h. What are the prime factors of s?
2, 3
Let y be ((-1)/3)/(2/(-294)) + 1. Suppose y*q + 1592 = 54*q. List the prime factors of q.
2, 199
Let g(c) = -c**2 - 36*c + 24. Suppose 9*o + 140 + 40 = 0. What are the prime factors of g(o)?
2, 43
Suppose 2966654 = 372*u - 7157698. What are the prime factors of u?
2, 3, 7
Let t(r) = -6*r - 234. Let l be t(-40). List the prime factors of 203 - -3 - (-7 + l - -4).
7, 29
Let h be (-111)/(-9) - 4 - 35/(-21). Suppose -h*m = -6*m - 2*s - 800, 2*m - 5*s = 384. What are the prime factors of m?
2, 101
Let t(z) = -z**3 - 7*z**2 - 10*z + 18. Suppose 3*d + 20 = -y, -3*d + 7*d = 2*y + 10. List the prime factors of t(y).
2, 3, 17
Suppose 12559*n - 99946 = 12537*n. What are the prime factors of n?
7, 11, 59
Let s be ((-6)/(-4) + -2)/(17/204). Let x be ((-27)/s + -4)*568. Suppose 4*m = -0*p - p + x, 0 = 5*m + 4*p - 344. What are the prime factors of m?
2, 3
Suppose -6*u + 2*u = 8*u - 115008. What are the prime factors of u?
2, 599
Suppose -c = 2*c - y - 14479, 5 = -5*y. What are the prime factors of (c - 2)*(-26)/(-78)?
2, 3, 67
Suppose 141*u = 156*u - 420. Let g(c) = -c**2 + 35*c + 172. What are the prime factors of g(u)?
2, 23
Suppose 176 = j - 21. Suppose j = -5*x + 5*b - 223, -b = 3*x + 244. Let s = -27 - x. List the prime factors of s.
5, 11
Suppose -30*j + 17531 = -5509. List the prime factors of j.
2, 3
Let c be (-6)/(-4) - 17/(-34). Suppose c*d = -d + 5*h + 467, -4*d = -5*h - 631. Suppose 3*x + 35 = d. List the prime factors of x.
43
Let r(n) = -1903*n - 519. What are the prime factors of r(-6)?
3, 7, 173
Suppose 0 = 9*h - 8*h - 4. Suppose 3*t - 636 = 2*t + 2*a, -h*t + 2514 = -2*a. List the prime factors of t.
2, 313
Let i(c) = 2*c**3 + 21*c**2 + 6*c - 11. Let p(m) = -m + 13. Let b(s) = -s + 1. Let h(v) = 6*b(v) + p(v). Let a be h(4). What are the prime factors of i(a)?
2, 89
Let q(u) be the first derivative of u**4/4 - u**3 + 5*u**2 + 6*u - 7. Let x be q(-4). Let v = x + 248. What are the prime factors of v?
2, 3, 17
Suppose -o = 5*g - 38508, 104*g + 38514 = 109*g + 3*o. List the prime factors of g.
3, 17, 151
Suppose 0 = -u - 2*u + 12, -3*x = u - 214. List the prime factors of (x/(-245))/((-2)/2359).
337
Suppose 32284 = 11*p - 14356. What are the prime factors of p?
2, 5, 53
Suppose -159 = -t + 63. Let f be t/1 + (4 - 1/1). Suppose 0 = 3*n - 5*d - 376, -2*d + 259 + f = 4*n. List the prime factors of n.
2, 61
Suppose -14*k - 15787 + 135375 = 0. List the prime factors of k.
2, 4271
Let k be ((-6)/4)/(((-84)/2608)/(-7)). Suppose 4*j - 889 = 1027. Let t = j + k. What are the prime factors of t?
3, 17
Suppose -6*u = -7*u - 4. Let q be (u + 146/(-1))*-8. Suppose -7*j + 12*j - q = 0. What are the prime factors of j?
2, 3, 5
Suppose 477*b = 476*b - 3*i + 27903, 5*b = -3*i + 139455. What are the prime factors of b?
2, 3, 7, 83
Suppose 0*c = 3*c - 54. Suppose -k = -3*k + 4*f + c, -4*f = 0. What are the prime factors of 33/k*15 - 3?
2, 13
Let t be (-3)/9*0 - -52. Let w = t + 374. List the prime factors of w.
2, 3, 71
Let z = -41456 - -65609. List the prime factors of z.
3, 83, 97
Suppose -226263 = -15*y + 309687. List the prime factors of y.
2, 3, 5, 397
What are the prime factors of 1750626/1428 + 1/14?
2, 613
Let p = 288 - 284. Suppose 0 = 5*h - p*o - 3068, 5*h - 2190 - 902 = -4*o. What are the prime factors of h?
2, 7, 11
Suppose -5 = -5*g - 0. Suppose 10*m + 2*p = 12*m + 2, m - 2*p - 2 = 0. List the prime factors of 85 + m/(-2 + g).
89
Let v be ((-58145)/20)/((-2)/8). Suppose 3277 = -18*n + v. List the prime factors of n.
2, 29
What are the prime factors of (-6060)/((13/(-4) - -1)/(-154 + 157))?
2, 5, 101
Let m be (-4 + (-23)/(-2))/(1/(-6)). Let x = m + 49. Suppose x*w - 198 = f, 0*w - 190 = -4*w + 5*f. List the prime factors of w.
2, 5
Let a = -39245 - -75616. List the prime factors of a.
37, 983
What are the prime factors of 4/58 - (-71)/(37062/3033828)?
2, 1453
Suppose -156*r + 3904956 = -57*r. What are the prime factors of r?
2, 3, 19, 173
Suppose -2*p = -2*a - 14, -4*p + 3*a + 31 = -2*a. Let v be (-5)/p*-10 + (-2)/4. Suppose -4*m = -248 + v. List the prime factors of m.
59
Let u(o) = -214*o**3 + 2*o**2 + o - 1. Let j = 52 + -53. Let z be u(j). Suppose 2*r = 2*y + 186, -2*r - 4*y - 10 = -z. What are the prime factors of r?
2, 3
Let u(d) = 88*d - 33. Let y(m) = 175*m - 68. Let a(t) = 9*u(t) - 4*y(t). What are the prime factors of a(3)?
251
Suppose -6*a + 59 = 23. Le